NOAA-Style Climate Reports


Report for 2024 June

Daily NOAA report



                            MONTHLY CLIMATOLOGICAL SUMMARY for JUN. 2024

NAME: Waterford City   CITY: Waterford STATE: Ireland
ELEV: 20m LAT: 052:14:29 LONG: 0007:08:23

                            TEMPERATURE ( °C), RAIN (mm), WIND SPEED (kmh)

                                               HEAT     COOL           AVG
      MEAN                                     DEG      DEG            WIND                       DOM
DAY   TEMP    HIGH   TIME     LOW    TIME      DAYS     DAYS    RAIN   SPEED    HIGH    TIME      DIR
--------------------------------------------------------------------------------------------------------
01    14.5    20.7   17:11    09.6   05:54     03.8     00.0    00.0   06.2     25.9    11:48      NW
02    16.0    22.2   15:07    10.4   06:42     02.3     00.0    00.0   05.7     24.1    19:15     WNW
03    15.6    18.3   17:53    13.4   08:12     02.7     00.0    00.0   09.2     31.4    08:56     WNW
04    14.1    18.1   13:30    09.5   00:00     04.2     00.0    01.2   08.8     44.4    18:25      W 
05    11.6    15.5   16:38    06.6   05:47     06.7     00.0    00.0   07.4     35.1    14:42      W 
06    12.1    16.0   14:59    08.1   05:02     06.2     00.0    00.0   07.4     31.4    15:34      W 
07    13.5    17.3   18:35    09.5   05:22     04.8     00.0    00.0   06.8     33.3    14:42      W 
08    14.0    18.2   17:50    10.7   09:01     04.3     00.0    00.6   08.6     33.3    08:52     WNW
09    12.6    15.7   18:06    08.3   04:13     05.7     00.0    00.0   11.3     48.1    19:58     WNW
10    13.1    17.7   18:10    07.7   04:53     05.2     00.0    01.4   09.0     35.1    10:28      NW
11    12.4    16.1   14:38    07.1   05:23     05.9     00.0    00.0   07.0     31.4    16:18      NW
12    13.0    17.5   13:52    07.9   05:53     05.3     00.0    00.0   07.7     31.4    18:41      W 
13    14.6    19.3   18:11    11.7   00:03     03.7     00.0    18.2   15.1     62.9    11:18      S 
14    13.3    17.2   15:09    10.6   06:23     05.0     00.0    02.5   07.3     31.4    12:37     WSW
15    12.0    15.2   16:00    09.4   03:42     06.3     00.0    06.4   06.8     31.4    15:44      W 
16    14.0    19.1   13:50    09.6   05:20     04.3     00.0    00.0   06.6     25.9    17:57      W 
17    15.0    18.6   16:42    11.4   05:04     03.3     00.0    00.0   06.6     29.6    11:16      NW
18    13.6    16.5   13:54    10.9   05:53     04.7     00.0    00.0   08.1     35.1    13:37      NW
19    13.4    19.2   15:11    07.7   05:28     04.9     00.0    00.0   05.7     22.2    16:44      W 
20    15.2    20.3   15:06    09.9   05:46     03.1     00.0    00.0   08.0     31.4    17:18     WSW
21    14.4    16.5   20:32    11.7   23:58     03.9     00.0    04.2   09.8     37.0    09:09      SW
22    14.2    18.2   14:23    08.3   05:12     04.1     00.0    00.0   05.7     31.4    14:25      SW
23    16.8    21.2   13:07    13.6   06:06     01.5     00.0    00.0   06.4     25.9    13:56     WSW
--------------------------------------------------------------------------------------------------------
13.9 (13.9)   22.2  day 02     06.6  day 05   101.8    000.0   034.5   07.9     62.9   day 13      W 
Min <   30: 23
Max Rain: 18.2 ON 13-06-24
Days of Rain: 7 (> .2mm) 4 (> 2mm) 0 (> 20mm)