NOAA-Style Climate Reports

Select a Year or Month report
2024: Jan Feb Mar Apr May Jun Jul Aug Sep Oct Nov Dec
2023: Jan Feb Mar Apr May Jun Jul Aug Sep Oct Nov Dec
2022: Jan Feb Mar Apr May Jun Jul Aug Sep Oct Nov Dec
2021: Jan Feb Mar Apr May Jun Jul Aug Sep Oct Nov Dec
2020: Jan Feb Mar Apr May Jun Jul Aug Sep Oct Nov Dec
2019: Jan Feb Mar Apr May Jun Jul Aug Sep Oct Nov Dec
2018: Jan Feb Mar Apr May Jun Jul Aug Sep Oct Nov Dec
2017: Jan Feb Mar Apr May Jun Jul Aug Sep Oct Nov Dec
2016: Jan Feb Mar Apr May Jun Jul Aug Sep Oct Nov Dec
2015: Jan Feb Mar Apr May Jun Jul Aug Sep Oct Nov Dec
2014: Jan Feb Mar Apr May Jun Jul Aug Sep Oct Nov Dec
2013: Jan Feb Mar Apr May Jun Jul Aug Sep Oct Nov Dec
2012: Jan Feb Mar Apr May Jun Jul Aug Sep Oct Nov Dec

Report for 2024 February

Daily NOAA report



                            MONTHLY CLIMATOLOGICAL SUMMARY for FEB. 2024

NAME: Waterford City   CITY: Waterford STATE: Ireland
ELEV: 20m LAT: 052:14:29 LONG: 0007:08:23

                            TEMPERATURE ( °C), RAIN (mm), WIND SPEED (kmh)

                                               HEAT     COOL           AVG
      MEAN                                     DEG      DEG            WIND                       DOM
DAY   TEMP    HIGH   TIME     LOW    TIME      DAYS     DAYS    RAIN   SPEED    HIGH    TIME      DIR
--------------------------------------------------------------------------------------------------------
01    05.6    09.5   00:00    00.2   07:56     12.7     00.0    00.0   04.4     31.4    23:50      SW
02    11.0    14.4   13:12    09.3   00:55     07.3     00.0    00.0   07.4     25.9    10:08      SW
03    11.3    13.2   12:57    10.3   21:55     07.0     00.0    00.0   06.5     31.4    23:57     WSW
04    11.9    14.9   13:52    09.5   22:19     06.4     00.0    00.0   11.6     40.7    14:34      W 
05    10.4    11.9   13:58    09.3   04:24     07.9     00.0    00.0   11.5     42.5    02:43     WSW
06    08.9    11.5   11:14    05.1   18:41     09.4     00.0    07.6   09.0     35.1    13:41      W 
07    05.1    07.6   14:10    02.8   07:51     13.2     00.0    00.0   04.5     29.6    23:16     NNE
08    07.8    10.4   14:54    04.9   03:35     10.5     00.0    21.8   11.8     55.5    07:33      E 
09    07.4    09.8   00:15    05.3   21:52     10.9     00.0    04.1   05.5     68.5    17:46      E 
10    07.5    09.1   11:26    05.4   00:07     10.8     00.0    28.7   09.1     40.7    11:26      E 
11    06.7    09.8   14:19    03.6   23:59     11.6     00.0    00.0   06.6     42.5    14:48      W 
12    05.1    09.4   14:40    00.5   07:25     13.2     00.0    00.0   06.0     35.1    13:22     WSW
13    08.0    10.6   00:00    03.3   01:17     10.3     00.0    08.9   05.5     31.4    12:11      SE
14    10.9    11.6   12:29    10.4   18:56     07.4     00.0    23.9   11.5     37.0    17:29      SW
15    11.1    13.9   13:53    08.3   00:00     07.2     00.0    35.3   07.4     33.3    06:35      SW
16    10.2    14.3   14:53    08.0   05:52     08.1     00.0    00.3   06.6     62.9    20:34      SW
17    10.6    11.8   23:38    09.2   03:36     07.7     00.0    08.4   08.9     35.1    12:14     SSW
18    11.1    14.4   15:26    08.2   08:02     07.2     00.0    01.5   04.1     64.8    15:39      W 
19    10.2    12.8   15:21    08.3   06:48     08.1     00.0    00.5   04.8     55.5    21:12     WSW
20    09.3    11.4   17:22    05.8   22:12     09.0     00.0    04.8   06.4     74.0    02:42     WSW
21    11.0    14.6   14:27    07.9   00:00     07.3     00.0    13.5   12.2     51.8    05:43      SW
22    06.4    08.6   16:21    04.7   22:54     11.9     00.0    02.0   07.4     40.7    12:51      W 
23    04.8    07.8   15:12    03.0   07:51     13.5     00.0    00.0   06.0     46.3    06:10      W 
--------------------------------------------------------------------------------------------------------
08.8 (8.8)   14.9  day 04     00.2  day 01   218.6    000.0   161.3   07.6     74.0   day 08     WSW
Min <   30: 23
Max Rain: 35.3 ON 15-02-24
Days of Rain: 14 (> .2mm) 11 (> 2mm) 4 (> 20mm)